nd 99?
33
What is the greatest common factor of 1649 and 119?
17
What is the highest common divisor of 608 and 64?
32
What is the greatest common divisor of 1790 and 9666?
358
Calculate the greatest common divisor of 1192 and 24.
8
What is the highest common divisor of 10317 and 114?
57
Calculate the greatest common factor of 52 and 8086.
26
What is the highest common divisor of 7912 and 8?
8
What is the greatest common divisor of 40 and 130?
10
Calculate the greatest common factor of 117 and 1719.
9
What is the greatest common divisor of 450 and 3030?
30
Calculate the greatest common divisor of 4609 and 3771.
419
What is the greatest common divisor of 58 and 1566?
58
Calculate the highest common divisor of 35 and 30.
5
Calculate the greatest common factor of 258 and 468.
6
What is the highest common factor of 14 and 763?
7
Calculate the highest common factor of 450 and 330.
30
What is the highest common divisor of 160 and 608?
32
What is the greatest common factor of 119 and 68?
17
What is the greatest common divisor of 14 and 3374?
14
What is the greatest common divisor of 222 and 333?
111
Calculate the highest common factor of 2 and 13938.
2
Calculate the greatest common divisor of 63 and 2.
1
What is the greatest common factor of 30 and 4530?
30
What is the highest common divisor of 465 and 3069?
93
What is the highest common factor of 442 and 13?
13
What is the greatest common factor of 28054 and 498?
166
Calculate the highest common divisor of 12152 and 21.
7
Calculate the greatest common factor of 1272 and 336.
24
What is the greatest common divisor of 54 and 9744?
6
What is the greatest common factor of 26 and 416?
26
Calculate the greatest common factor of 3 and 117.
3
Calculate the greatest common factor of 8 and 148.
4
What is the greatest common factor of 5 and 370?
5
What is the greatest common factor of 63 and 153?
9
What is the greatest common divisor of 4624 and 16?
16
What is the highest common divisor of 20 and 976?
4
Calculate the highest common divisor of 968 and 11.
11
What is the greatest common factor of 54 and 432?
54
What is the highest common factor of 1793 and 88?
11
Calculate the highest common divisor of 600 and 354.
6
Calculate the greatest common divisor of 35 and 315.
35
Calculate the highest common divisor of 27 and 1323.
27
What is the highest common factor of 8 and 88?
8
What is the greatest common divisor of 242 and 605?
121
What is the greatest common divisor of 144 and 90?
18
What is the greatest common divisor of 3280 and 123?
41
Calculate the greatest common factor of 2471 and 28.
7
Calculate the greatest common divisor of 240 and 640.
80
Calculate the greatest common divisor of 2002 and 154.
154
Calculate the highest common divisor of 88 and 4568.
8
What is the greatest common factor of 1750 and 1225?
175
What is the greatest common factor of 141 and 47?
47
What is the greatest common divisor of 14 and 42?
14
Calculate the greatest common factor of 649 and 11.
11
Calculate the highest common factor of 69 and 23.
23
What is the highest common divisor of 592 and 6?
2
What is the greatest common factor of 496 and 806?
62
What is the highest common divisor of 1258 and 1088?
34
Calculate the highest common divisor of 90 and 70.
10
What is the greatest common divisor of 325 and 75?
25
What is the highest common divisor of 3332 and 70?
14
Calculate the highest common factor of 126 and 4851.
63
What is the greatest common divisor of 1107 and 41?
41
Calculate the greatest common factor of 882 and 504.
126
Calculate the highest common factor of 6 and 1434.
6
Calculate the greatest common factor of 9493 and 11.
11
What is the greatest common factor of 32 and 8?
8
Calculate the highest common divisor of 40 and 1096.
8
What is the greatest common divisor of 11 and 4609?
11
What is the greatest common divisor of 328 and 8692?
164
What is the highest common divisor of 3 and 147?
3
Calculate the greatest common divisor of 108 and 135.
27
What is the highest common divisor of 48 and 264?
24
Calculate the highest common divisor of 1175 and 275.
25
What is the greatest common divisor of 72 and 792?
72
What is the greatest common divisor of 306 and 6714?
18
Calculate the highest common divisor of 330 and 120.
30
What is the highest common factor of 351 and 52?
13
What is the greatest common factor of 39 and 182?
13
Calculate the highest common divisor of 39 and 39.
39
Calculate the greatest common divisor of 2075 and 83.
83
Calculate the greatest common divisor of 962 and 185.
37
What is the highest common factor of 104 and 39?
13
Calculate the highest common factor of 490 and 10.
10
Calculate the highest common factor of 220 and 410.
10
Calculate the highest common divisor of 729 and 216.
27
Calculate the greatest common factor of 1742 and 182.
26
Calculate the greatest common factor of 42 and 24.
6
Calculate the highest common factor of 248 and 8.
8
Calculate the greatest common factor of 270 and 360.
90
What is the highest common factor of 1824 and 144?
48
Calculate the greatest common divisor of 18 and 402.
6
Calculate the greatest common divisor of 759 and 483.
69
What is the greatest common divisor of 74 and 16502?
74
Calculate the highest common factor of 3790 and 70.
10
Calculate the greatest common factor of 92 and 6532.
92
What is the highest common divisor of 21 and 34041?
21
Calculate the greatest common factor of 81840 and 186.
186
What is the greatest common factor of 186 and 48?
6
What is the greatest common factor of 17 and 34?
17
Calculate the highest common factor of 17265 and 75.
15
What is the highest common factor of 1125 and 9?
9
What is the greatest common factor of 5656 and 1010?
202
What is the greatest common factor of 182 and 574?
14
Calculate the highest common divisor of 6 and 4614.
6
What is the highest common divisor of 1232 and 112?
112
What is the greatest common factor of 27 and 9?
9
Calculate the greatest common factor of 165 and 561.
33
Calculate the greatest common divisor of 50 and 1250.
50
Calculate the highest common divisor of 5 and 1715.
5
Calculate the greatest common factor of 9215 and 95.
95
What is the greatest common factor of 575 and 161?
23
Calculate the greatest common divisor of 5184 and 81.
81
What is the highest common divisor of 589 and 93?
31
Calculate the greatest common divisor of 42795 and 135.
135
What is the highest common divisor of 120 and 2340?
60
Calculate the highest common divisor of 34882 and 214.
214
Calculate the greatest common factor of 72 and 66.
6
Calculate the highest common divisor of 15 and 165.
15
Calculate the highest common factor of 468 and 5382.
234
Calculate the highest common divisor of 168 and 112.
56
Calculate the highest common divisor of 6 and 1934.
2
Calculate the highest common factor of 7771 and 57.
19
Calculate the highest common factor of 3212 and 220.
44
What is the highest common factor of 651 and 21?
21
Calculate the greatest common factor of 35 and 70.
35
What is the highest common factor of 1232 and 2288?
176
What is the greatest common factor of 72 and 171?
9
Calculate the greatest common factor of 107200 and 50.
50
Calculate the greatest common factor of 405 and 180.
45
What is the greatest common divisor of 171 and 90?
9
Calculate the greatest common factor of 118 and 177.
59
Calculate the highest common factor of 28 and 896.
28
What is the greatest common factor of 395 and 20?
5
Calculate the highest common factor of 80 and 2704.
16
Calculate the highest common divisor of 995 and 1393.
199
Calculate the greatest common divisor of 48 and 63.
3
Calculate the highest common factor of 130 and 468.
26
Calculate the highest common factor of 288 and 32.
32
Calculate the greatest common divisor of 18 and 1854.
18
Calculate the highest common factor of 39 and 377.
13
What is the greatest common factor of 25 and 515?
5
What is the highest common factor of 224 and 42?
14
Calculate the highest common factor of 28 and 35.
7
Calculate the greatest common factor of 29 and 899.
29
Calculate the greatest common factor of 5 and 1565.
5
Calculate the highest common factor of 19136 and 23.
23
What is the greatest common divisor of 4307 and 73?
73
What is the highest common divisor of 172 and 412?
4
Calculate the greatest common divisor of